{"id":72,"date":"2013-02-10T21:33:08","date_gmt":"2013-02-10T20:33:08","guid":{"rendered":"http:\/\/ginfl.synology.me\/wordpress\/?page_id=72"},"modified":"2013-09-30T20:24:10","modified_gmt":"2013-09-30T19:24:10","slug":"leistungsangebot","status":"publish","type":"page","link":"https:\/\/www2.tb-hanel.at\/wordpress\/?page_id=72","title":{"rendered":"Leistungsspektrum"},"content":{"rendered":"<p align=\"left\"><strong>Leistungen:<\/strong><\/p>\n<p align=\"left\">Unsere Leistungen umfassen alle Bereiche der Elektrotechnik. Beginnend bei der Planung, Erstellung der Leistungsverzeichnisse, Pr\u00fcfung der Angebote, \u00fcber die Bau\u00fcberwachung bis hin zu Abrechnungskontrolle.<\/p>\n<p>Planungsumfang im Detail:<\/p>\n<ul>\n<ul>\n<ul>\n<li>\n<div align=\"left\">Niederspannungsanlagen<\/div>\n<\/li>\n<li>\n<div align=\"left\">Elektroheizungsanlagen<\/div>\n<\/li>\n<li>\n<div align=\"left\">Telefon und elektroakkustische Anlagen<\/div>\n<\/li>\n<li>\n<div align=\"left\">EDV Anlagen, LAN, WAN, WLAN (Wi-Fi)<\/div>\n<\/li>\n<li>\n<div align=\"left\">Einbruchs- und \u00dcberfallmeldeanlagen<\/div>\n<\/li>\n<li>\n<div align=\"left\">Gaswarnanlagen<\/div>\n<\/li>\n<li>\n<div align=\"left\">Notbeleuchtungsanlagen<\/div>\n<\/li>\n<li>\n<div align=\"left\">Brandmeldeanlagen<\/div>\n<\/li>\n<li>\n<div align=\"left\">Netzstromversorgungen<\/div>\n<\/li>\n<li>\n<div align=\"left\">Beleuchtungsanlagen<\/div>\n<\/li>\n<li>\n<div align=\"left\">F\u00f6rdertechnik<\/div>\n<\/li>\n<li>\n<div align=\"left\">Anlagen der Mess- und Regeltechnik<\/div>\n<\/li>\n<li>\n<div align=\"left\">Anlagen im Medizinischen Bereich<\/div>\n<\/li>\n<li>\n<div align=\"left\">Elektronische Verkehrseinrichtungen<\/div>\n<\/li>\n<\/ul>\n<\/ul>\n<\/ul>\n<p align=\"justify\">In Zusammenarbeit mit unseren Partnerunternehmen bieten wir auch gerne komplette Haustechnikpakete an. Heizungs-, Sanit\u00e4re und L\u00fcftungsplanungen, Statische Projektierungen und Bauphysikalische Projektierungen werden gerne durchgef\u00fchrt.<\/p>\n<p align=\"center\">F\u00fcr weiteren Informationen bez\u00fcglich Ihres Bauvorhabens stehen wir Ihnen von<br \/>\nMo bis Do von 7:45 bis 12:00 bzw. von 13:00 bis 17:45 und Fr \u00a0von 7:45 bis 11:45<br \/>\noder unter\u00a0<a href=\"mailto:office@tb-hanel.at\">office@tb-hanel.at<\/a>\u00a0gerne zur Verf\u00fcgung<\/p>\n","protected":false},"excerpt":{"rendered":"<p>Leistungen: Unsere Leistungen umfassen alle Bereiche der Elektrotechnik. Beginnend bei der Planung, Erstellung der Leistungsverzeichnisse, Pr\u00fcfung der Angebote, \u00fcber die Bau\u00fcberwachung bis hin zu Abrechnungskontrolle. Planungsumfang im Detail: Niederspannungsanlagen Elektroheizungsanlagen Telefon und elektroakkustische Anlagen EDV Anlagen, LAN, WAN, WLAN (Wi-Fi) &hellip; <a href=\"https:\/\/www2.tb-hanel.at\/wordpress\/?page_id=72\">Weiterlesen <span class=\"meta-nav\">&rarr;<\/span><\/a><\/p>\n","protected":false},"author":1,"featured_media":0,"parent":26,"menu_order":3,"comment_status":"closed","ping_status":"closed","template":"showcase.php","meta":[],"_links":{"self":[{"href":"https:\/\/www2.tb-hanel.at\/wordpress\/index.php?rest_route=\/wp\/v2\/pages\/72"}],"collection":[{"href":"https:\/\/www2.tb-hanel.at\/wordpress\/index.php?rest_route=\/wp\/v2\/pages"}],"about":[{"href":"https:\/\/www2.tb-hanel.at\/wordpress\/index.php?rest_route=\/wp\/v2\/types\/page"}],"author":[{"embeddable":true,"href":"https:\/\/www2.tb-hanel.at\/wordpress\/index.php?rest_route=\/wp\/v2\/users\/1"}],"replies":[{"embeddable":true,"href":"https:\/\/www2.tb-hanel.at\/wordpress\/index.php?rest_route=%2Fwp%2Fv2%2Fcomments&post=72"}],"version-history":[{"count":4,"href":"https:\/\/www2.tb-hanel.at\/wordpress\/index.php?rest_route=\/wp\/v2\/pages\/72\/revisions"}],"predecessor-version":[{"id":585,"href":"https:\/\/www2.tb-hanel.at\/wordpress\/index.php?rest_route=\/wp\/v2\/pages\/72\/revisions\/585"}],"up":[{"embeddable":true,"href":"https:\/\/www2.tb-hanel.at\/wordpress\/index.php?rest_route=\/wp\/v2\/pages\/26"}],"wp:attachment":[{"href":"https:\/\/www2.tb-hanel.at\/wordpress\/index.php?rest_route=%2Fwp%2Fv2%2Fmedia&parent=72"}],"curies":[{"name":"wp","href":"https:\/\/api.w.org\/{rel}","templated":true}]}}