{"id":60,"date":"2013-02-09T21:45:07","date_gmt":"2013-02-09T20:45:07","guid":{"rendered":"http:\/\/ginfl.synology.me\/wordpress\/?page_id=60"},"modified":"2013-09-30T20:20:25","modified_gmt":"2013-09-30T19:20:25","slug":"geschichte","status":"publish","type":"page","link":"https:\/\/www2.tb-hanel.at\/wordpress\/?page_id=60","title":{"rendered":"Geschichte"},"content":{"rendered":"<p><strong>Geschichte:<\/strong><\/p>\n<p><strong><\/strong>Als eines der ersten Technischen B\u00fcros f\u00fcr Elektrotechnik wurde das\u00a0Unternehmen im Jahre 1969 von Herrn Ing. Josef Huber gegr\u00fcndet. Anfangs waren die B\u00fcror\u00e4umlichkeiten in der Innsbrucker Fallmerayerstrasse zu finden. Nach der ersten \u00dcbersiedelung hatte das B\u00fcro seinen Sitz in der Gumppstrasse 1.\u00a0Von 1969 bis 1980 leitete Herr Ing. Huber die Firma, welche 1980 von Herrn Ing. Peter Hanel \u00fcbernommen wurde. Dies f\u00fchrte zu einer weiteren \u00dcbersiedlung in die heutigen B\u00fcror\u00e4umlichkeiten in die Resselstrasse 41. Seit nunmehr \u00fcber 40\u00a0Jahren ist das Unternehmen f\u00fcr hervorragende Planungsabeiten von Privaten, Staatlichen und Industriellen Einrichtungen haupts\u00e4chlich in Nord-, Osttirol und Vorarlberg bekannt. Jedoch werden auch Planungsarbeiten von Projekten in anderen \u00f6sterreichischen Gegenden durchgef\u00fchrt.<\/p>\n","protected":false},"excerpt":{"rendered":"<p>Geschichte: Als eines der ersten Technischen B\u00fcros f\u00fcr Elektrotechnik wurde das\u00a0Unternehmen im Jahre 1969 von Herrn Ing. Josef Huber gegr\u00fcndet. Anfangs waren die B\u00fcror\u00e4umlichkeiten in der Innsbrucker Fallmerayerstrasse zu finden. Nach der ersten \u00dcbersiedelung hatte das B\u00fcro seinen Sitz in &hellip; <a href=\"https:\/\/www2.tb-hanel.at\/wordpress\/?page_id=60\">Weiterlesen <span class=\"meta-nav\">&rarr;<\/span><\/a><\/p>\n","protected":false},"author":1,"featured_media":0,"parent":26,"menu_order":1,"comment_status":"closed","ping_status":"closed","template":"showcase.php","meta":[],"_links":{"self":[{"href":"https:\/\/www2.tb-hanel.at\/wordpress\/index.php?rest_route=\/wp\/v2\/pages\/60"}],"collection":[{"href":"https:\/\/www2.tb-hanel.at\/wordpress\/index.php?rest_route=\/wp\/v2\/pages"}],"about":[{"href":"https:\/\/www2.tb-hanel.at\/wordpress\/index.php?rest_route=\/wp\/v2\/types\/page"}],"author":[{"embeddable":true,"href":"https:\/\/www2.tb-hanel.at\/wordpress\/index.php?rest_route=\/wp\/v2\/users\/1"}],"replies":[{"embeddable":true,"href":"https:\/\/www2.tb-hanel.at\/wordpress\/index.php?rest_route=%2Fwp%2Fv2%2Fcomments&post=60"}],"version-history":[{"count":2,"href":"https:\/\/www2.tb-hanel.at\/wordpress\/index.php?rest_route=\/wp\/v2\/pages\/60\/revisions"}],"predecessor-version":[{"id":584,"href":"https:\/\/www2.tb-hanel.at\/wordpress\/index.php?rest_route=\/wp\/v2\/pages\/60\/revisions\/584"}],"up":[{"embeddable":true,"href":"https:\/\/www2.tb-hanel.at\/wordpress\/index.php?rest_route=\/wp\/v2\/pages\/26"}],"wp:attachment":[{"href":"https:\/\/www2.tb-hanel.at\/wordpress\/index.php?rest_route=%2Fwp%2Fv2%2Fmedia&parent=60"}],"curies":[{"name":"wp","href":"https:\/\/api.w.org\/{rel}","templated":true}]}}