{"id":26,"date":"2013-02-09T21:37:55","date_gmt":"2013-02-09T21:37:55","guid":{"rendered":"http:\/\/ginfl.synology.me\/wordpress\/?page_id=26"},"modified":"2013-09-29T20:37:41","modified_gmt":"2013-09-29T19:37:41","slug":"company","status":"publish","type":"page","link":"https:\/\/www2.tb-hanel.at\/wordpress\/?page_id=26","title":{"rendered":"Company"},"content":{"rendered":"<p align=\"left\"><strong>Philosophie:<a href=\"http:\/\/www2.tb-hanel.at\/wordpress\/wp-content\/uploads\/2013\/02\/Buero1.jpg\"><img loading=\"lazy\" class=\"alignright size-medium wp-image-497\" alt=\"Buero\" src=\"http:\/\/www2.tb-hanel.at\/wordpress\/wp-content\/uploads\/2013\/02\/Buero1-300x224.jpg\" width=\"300\" height=\"224\" srcset=\"https:\/\/www2.tb-hanel.at\/wordpress\/wp-content\/uploads\/2013\/02\/Buero1-300x224.jpg 300w, https:\/\/www2.tb-hanel.at\/wordpress\/wp-content\/uploads\/2013\/02\/Buero1-1024x764.jpg 1024w, https:\/\/www2.tb-hanel.at\/wordpress\/wp-content\/uploads\/2013\/02\/Buero1-401x300.jpg 401w\" sizes=\"(max-width: 300px) 100vw, 300px\" \/><\/a><\/strong><\/p>\n<p style=\"text-align: left;\" align=\"justify\">Einen wesentlichen\u00a0Beitrag zur Effizienz\u00a0der Arbeit in s\u00e4mtlichen\u00a0Wirtschaftsbereichen und zum menschlichen\u00a0Wohlergehen \u00fcberhaupt, leistet die Elektrotechnik. Um jedoch die Technik gezielt\u00a0einsetzen zu k\u00f6nnen ist es von gro\u00dfer\u00a0Notwendigkeit immer \u00fcber den aktuellen\u00a0Stand der Industriellen Entwicklungen\u00a0bescheid zu wissen und diese im Sinne\u00a0der Kunden zu nutzen. War noch vor\u00a0einigen Jahrzehnten die Elektrotechnik\u00a0in gro\u00dfen Bereichen auf Beleuchtung\u00a0und einfache Schwach-,und\u00a0Starkstrom-installationen beschr\u00e4nkt\u00a0sind in der heutigen Zeit beispielsweise Daten\u00fcbertragungen, Alarmanlagen, Gaswarnanlagen oder komplette Geb\u00e4udeverwaltungssysteme scheinbar selbstverst\u00e4ndliche Einrichtungen in durchschnittlich ausgebauten Betrieben oder \u00f6ffentlichen Geb\u00e4uden. Vor allem die Umsetzung dieser &#8222;modernen&#8220; technischen M\u00f6glichkeiten verlangen ein enormes know how vom planenden Ingenieur. In unserem Betrieb wird sehr hoher Wert auf die Zuverl\u00e4ssigkeit der zu planenden Anlagen gelegt. Die Bauherren werden \u00fcber die m\u00f6glichen Risken unausgegorener Produkte informiert, um nach ihren Interessen die bestm\u00f6glichen L\u00f6sungen f\u00fcr die anstehenden Probleme zu finden und diese dann gekonnt umzusezten. Es wird auch auf den Ausf\u00fchrungspreis verschiedener W\u00fcnsche detailliert hingewiesen, sodass der Kunde eventuelle Alternativen in Betracht ziehen k\u00f6nnte. Weiters ist es uns ein gro\u00dfes anliegen dem Kunden eine bestens ausger\u00fcstete elektrotechnische Infrastruktur zu liefern ohne jedoch die Notwendigkeit zu \u00fcberschreiten. Dies jedoch unter dem Vorbehalt der Erweiterbarkeit seiner elektrotechnischen Einrichtungen. Dies ist z.B. durch Leerverrohrungen, die Verwendung von einfach erweiterbaren Kabelf\u00fchrungssytemen und\u00a0durch vorzeitiges Absch\u00e4tzen zuk\u00fcnftiger Ausbaustufen des zu planenden Gewerkes m\u00f6glich, und wird von uns auch sehr stark ber\u00fccksichtigt.<\/p>\n<p>Im Bereich der Bau\u00fcberwachung haben\u00a0regelm\u00e4\u00dfige Baustellenbesuche und der enge Kontakt zu den ausf\u00fchrenden Firmen absolute priorit\u00e4t. Trotz des engen Kontaktes zu den ausf\u00fchrenden Firmen sind\u00a0absolute objektivit\u00e4t und neutralit\u00e4t unsere obersten Maxime.<br \/>\nRechnungspr\u00fcfungen und Endkontrollen der ausgef\u00fchrten Projekte geh\u00f6ren ebenfalls zum Leistungsumfang unseres Unternehmens.<\/p>\n","protected":false},"excerpt":{"rendered":"<p>Philosophie: Einen wesentlichen\u00a0Beitrag zur Effizienz\u00a0der Arbeit in s\u00e4mtlichen\u00a0Wirtschaftsbereichen und zum menschlichen\u00a0Wohlergehen \u00fcberhaupt, leistet die Elektrotechnik. Um jedoch die Technik gezielt\u00a0einsetzen zu k\u00f6nnen ist es von gro\u00dfer\u00a0Notwendigkeit immer \u00fcber den aktuellen\u00a0Stand der Industriellen Entwicklungen\u00a0bescheid zu wissen und diese im Sinne\u00a0der Kunden &hellip; <a href=\"https:\/\/www2.tb-hanel.at\/wordpress\/?page_id=26\">Weiterlesen <span class=\"meta-nav\">&rarr;<\/span><\/a><\/p>\n","protected":false},"author":1,"featured_media":0,"parent":369,"menu_order":0,"comment_status":"closed","ping_status":"closed","template":"showcase.php","meta":[],"_links":{"self":[{"href":"https:\/\/www2.tb-hanel.at\/wordpress\/index.php?rest_route=\/wp\/v2\/pages\/26"}],"collection":[{"href":"https:\/\/www2.tb-hanel.at\/wordpress\/index.php?rest_route=\/wp\/v2\/pages"}],"about":[{"href":"https:\/\/www2.tb-hanel.at\/wordpress\/index.php?rest_route=\/wp\/v2\/types\/page"}],"author":[{"embeddable":true,"href":"https:\/\/www2.tb-hanel.at\/wordpress\/index.php?rest_route=\/wp\/v2\/users\/1"}],"replies":[{"embeddable":true,"href":"https:\/\/www2.tb-hanel.at\/wordpress\/index.php?rest_route=%2Fwp%2Fv2%2Fcomments&post=26"}],"version-history":[{"count":4,"href":"https:\/\/www2.tb-hanel.at\/wordpress\/index.php?rest_route=\/wp\/v2\/pages\/26\/revisions"}],"predecessor-version":[{"id":501,"href":"https:\/\/www2.tb-hanel.at\/wordpress\/index.php?rest_route=\/wp\/v2\/pages\/26\/revisions\/501"}],"up":[{"embeddable":true,"href":"https:\/\/www2.tb-hanel.at\/wordpress\/index.php?rest_route=\/wp\/v2\/pages\/369"}],"wp:attachment":[{"href":"https:\/\/www2.tb-hanel.at\/wordpress\/index.php?rest_route=%2Fwp%2Fv2%2Fmedia&parent=26"}],"curies":[{"name":"wp","href":"https:\/\/api.w.org\/{rel}","templated":true}]}}